{"id":993,"date":"2014-08-20T13:22:43","date_gmt":"2014-08-20T13:22:43","guid":{"rendered":"http:\/\/www.hospitaltocopilla.cl\/?page_id=993"},"modified":"2014-08-20T13:23:53","modified_gmt":"2014-08-20T13:23:53","slug":"agosto-semana-de-la-lactancia-materna","status":"publish","type":"page","link":"https:\/\/www.hospitaltocopilla.cl\/?page_id=993","title":{"rendered":"Agosto; Semana de la Lactancia Materna"},"content":{"rendered":"<p style=\"text-align: justify;\"><strong>Durante los primeros d\u00edas del mes de agosto<\/strong> se celebra la Semana Mundial de la Lactancia Materna que es instaurada oficialmente por OMS \/ UNICEF en 1992 y<em><strong>actualmente es el movimiento social m\u00e1s extendido en defensa de la lactancia materna<\/strong><\/em>. Se celebra en m\u00e1s de 120 pa\u00edses, del 1 al 7 de agosto, aniversario de la Declaraci\u00f3n de Innocenti, firmada por la Organizaci\u00f3n Mundial de la Salud (OMS) y el Fondo de Naciones Unidas para la Infancia (UNICEF) en agosto de 1990 sobre la protecci\u00f3n, el fomento y el apoyo de la lactancia materna.<\/p>\n<p style=\"text-align: justify;\"><a href=\"http:\/\/www.hospitaltocopilla.cl\/wp-content\/uploads\/2014\/08\/aficeh-lactancia.jpg\"><img loading=\"lazy\" decoding=\"async\" class=\"alignnone size-full wp-image-939\" src=\"http:\/\/www.hospitaltocopilla.cl\/wp-content\/uploads\/2014\/08\/aficeh-lactancia.jpg\" alt=\"aficeh lactancia\" width=\"960\" height=\"720\" srcset=\"https:\/\/www.hospitaltocopilla.cl\/wp-content\/uploads\/2014\/08\/aficeh-lactancia.jpg 960w, https:\/\/www.hospitaltocopilla.cl\/wp-content\/uploads\/2014\/08\/aficeh-lactancia-300x225.jpg 300w, https:\/\/www.hospitaltocopilla.cl\/wp-content\/uploads\/2014\/08\/aficeh-lactancia-400x300.jpg 400w\" sizes=\"auto, (max-width: 960px) 100vw, 960px\" \/><\/a><\/p>\n","protected":false},"excerpt":{"rendered":"<p>Durante los primeros d\u00edas del mes de agosto se celebra la Semana Mundial de la Lactancia Materna que es instaurada oficialmente por OMS \/ UNICEF en 1992 yactualmente es el movimiento social m\u00e1s extendido en defensa de la lactancia materna. Se celebra en m\u00e1s de 120 pa\u00edses, del 1 al 7 de agosto, aniversario de [&hellip;]<\/p>\n","protected":false},"author":8,"featured_media":0,"parent":861,"menu_order":0,"comment_status":"closed","ping_status":"closed","template":"sidebar-page.php","meta":{"footnotes":""},"class_list":["post-993","page","type-page","status-publish","hentry"],"_links":{"self":[{"href":"https:\/\/www.hospitaltocopilla.cl\/index.php?rest_route=\/wp\/v2\/pages\/993","targetHints":{"allow":["GET"]}}],"collection":[{"href":"https:\/\/www.hospitaltocopilla.cl\/index.php?rest_route=\/wp\/v2\/pages"}],"about":[{"href":"https:\/\/www.hospitaltocopilla.cl\/index.php?rest_route=\/wp\/v2\/types\/page"}],"author":[{"embeddable":true,"href":"https:\/\/www.hospitaltocopilla.cl\/index.php?rest_route=\/wp\/v2\/users\/8"}],"replies":[{"embeddable":true,"href":"https:\/\/www.hospitaltocopilla.cl\/index.php?rest_route=%2Fwp%2Fv2%2Fcomments&post=993"}],"version-history":[{"count":2,"href":"https:\/\/www.hospitaltocopilla.cl\/index.php?rest_route=\/wp\/v2\/pages\/993\/revisions"}],"predecessor-version":[{"id":4492,"href":"https:\/\/www.hospitaltocopilla.cl\/index.php?rest_route=\/wp\/v2\/pages\/993\/revisions\/4492"}],"up":[{"embeddable":true,"href":"https:\/\/www.hospitaltocopilla.cl\/index.php?rest_route=\/wp\/v2\/pages\/861"}],"wp:attachment":[{"href":"https:\/\/www.hospitaltocopilla.cl\/index.php?rest_route=%2Fwp%2Fv2%2Fmedia&parent=993"}],"curies":[{"name":"wp","href":"https:\/\/api.w.org\/{rel}","templated":true}]}}

<p style="text-align: justify;"><strong>Durante los primeros días del mes de agosto</strong> se celebra la Semana Mundial de la Lactancia Materna que es instaurada oficialmente por OMS / UNICEF en 1992 y<em><strong>actualmente es el movimiento social más extendido en defensa de la lactancia materna</strong></em>. Se celebra en más de 120 países, del 1 al 7 de agosto, aniversario de la Declaración de Innocenti, firmada por la Organización Mundial de la Salud (OMS) y el Fondo de Naciones Unidas para la Infancia (UNICEF) en agosto de 1990 sobre la protección, el fomento y el apoyo de la lactancia materna.</p>
<p style="text-align: justify;"><a href="http://www.hospitaltocopilla.cl/wp-content/uploads/2014/08/aficeh-lactancia.jpg"><img loading="lazy" decoding="async" class="alignnone size-full wp-image-939" src="http://www.hospitaltocopilla.cl/wp-content/uploads/2014/08/aficeh-lactancia.jpg" alt="aficeh lactancia" width="960" height="720" srcset="https://www.hospitaltocopilla.cl/wp-content/uploads/2014/08/aficeh-lactancia.jpg 960w, https://www.hospitaltocopilla.cl/wp-content/uploads/2014/08/aficeh-lactancia-300x225.jpg 300w, https://www.hospitaltocopilla.cl/wp-content/uploads/2014/08/aficeh-lactancia-400x300.jpg 400w" sizes="auto, (max-width: 960px) 100vw, 960px" /></a></p>

<p>Durante los primeros días del mes de agosto se celebra la Semana Mundial de la Lactancia Materna que es instaurada oficialmente por OMS / UNICEF en 1992 yactualmente es el movimiento social más extendido en defensa de la lactancia materna. Se celebra en más de 120 países, del 1 al 7 de agosto, aniversario de [&hellip;]</p>
