{"id":508,"date":"2014-04-25T14:59:14","date_gmt":"2014-04-25T14:59:14","guid":{"rendered":"http:\/\/www.hospitaltocopilla.cl\/?page_id=508"},"modified":"2023-12-11T14:06:06","modified_gmt":"2023-12-11T14:06:06","slug":"consejo-de-desarrollo-local-cdl","status":"publish","type":"page","link":"https:\/\/www.hospitaltocopilla.cl\/?page_id=508","title":{"rendered":"Consejo de Desarrollo Local (CDL)"},"content":{"rendered":"<p style=\"text-align: justify;\"><strong>Los Consejos de Desarrollo,<\/strong> son organismos de participaci\u00f3n ciudadana existentes al interior de los Hospitales y Cesfam. Estas instancias, que tambi\u00e9n reciben el nombre de Consejos de la Sociedad Civil, Consejos Consultivos, Comit\u00e9s de Salud Comunal y Comit\u00e9 Locales, cumplen la funci\u00f3n de asesorar a las direcciones de los respectivos establecimientos de salud a los que pertenecen, en aspectos relacionados con la gesti\u00f3n que desarrollan estos \u00faltimos.\u00a0 Ello, con miras a favorecer la atenci\u00f3n de las personas.<\/p>\n<p style=\"text-align: justify;\">De esta manera, los Consejos de Desarrollo desarrollan tareas de tipo informativo, propositivo, promotor, consultivo, evaluativo y de toma de decisiones.<\/p>\n<p style=\"text-align: justify;\">Existe un Consejo en cada Hospital y Cesfam de la Regi\u00f3n de Antofagasta.<\/p>\n<p style=\"text-align: justify;\">Nuestro CDL, est\u00e1 conformado principalmente por lideres sociales y presidentes de agrupaciones y juntas de vecinos con asentamiento local.<\/p>\n<p style=\"text-align: justify;\"><strong>DIRECTIVA<\/strong><\/p>\n<p style=\"text-align: justify;\">Presidenta: Delia Estay \u00c1lvarez, representante del Club Lectura Luis Moreno Pozo.<\/p>\n<p style=\"text-align: justify;\">1\u00b0 director (a): Norma Tejada, Centro Discapacitado Norte Grande.<\/p>\n<p style=\"text-align: justify;\">Secretaria: F\u00e9lix Carrasco Auristondo, representante de la Voluntariado Casa de Encuentro del A. Mayor.<\/p>\n<p style=\"text-align: justify;\">Tesorera: Daisy Cort\u00e9s, representante Junta de Vecinos JJ.VV 21 de mayo.<\/p>\n<p style=\"text-align: justify;\">Relacionadora P\u00fablica: Maritza Orellana Dinamarca, representante U.C. JJ.VV Nueva Tocopilla.<\/p>\n<p style=\"text-align: justify;\">\n<p style=\"text-align: justify;\"><strong>PARTICIPACI\u00d3N<\/strong><\/p>\n<p>Podr\u00e1n ser socios y socias del Consejo:<\/p>\n<ul>\n<li>Mayores de 15 a\u00f1os<\/li>\n<li>Acreditar residencia o trabajo en la comuna, o estar inscritos como usuarios del Hospital Comunitario Marcos Macuada de Tocopilla.<\/li>\n<li>Ser parte de una organizaci\u00f3n territorial debidamente identificada<\/li>\n<\/ul>\n<p>Para inscribirse, debe acercarse a la OIRS del centro asistencial donde se le entregar\u00e1 un formulario de inscripci\u00f3n y recibir\u00e1 informaci\u00f3n relevantes como datos de la directiva y calendario de reuniones.<\/p>\n<p><strong>FUNCIONES DEL CONSEJO<\/strong><\/p>\n<ul>\n<li>Colaborar con la Direcci\u00f3n del Centro de Salud, de acuerdo con la normativa vigente, en la identificaci\u00f3n de las personas y grupos familiares con problemas de salud que vivan en condiciones de vulnerabilidad social y\/o presenten problemas de acceso al sistema de salud.<\/li>\n<li>Propender a una efectiva focalizaci\u00f3n de las pol\u00edticas y programas de salud hacia las personas y los grupos familiares m\u00e1s vulnerables.<\/li>\n<li>Impulsar planes y proyectos orientados a resolver los problemas de salud de su comunidad, considerando los determinantes sociales y situaci\u00f3n epidemiol\u00f3gica.<\/li>\n<li>Proponer y desarrollar iniciativas que movilicen solidariamente recursos y capacidades de y para los habitantes del sector que atiende el centro de salud.<\/li>\n<li>Promover y participar en acciones orientadas a capacitar a usuarios, usuarias, funcionarios y funcionarias del Centro de Salud, en t\u00e9cnicas de buen trato, tanto del usuario hacia el funcionario, como de \u00e9ste hacia el usuario; determinantes sociales, difusi\u00f3n de derechos en salud u otras.<\/li>\n<\/ul>\n","protected":false},"excerpt":{"rendered":"<p>Los Consejos de Desarrollo, son organismos de participaci\u00f3n ciudadana existentes al interior de los Hospitales y Cesfam. Estas instancias, que tambi\u00e9n reciben el nombre de Consejos de la Sociedad Civil, Consejos Consultivos, Comit\u00e9s de Salud Comunal y Comit\u00e9 Locales, cumplen la funci\u00f3n de asesorar a las direcciones de los respectivos establecimientos de salud a los [&hellip;]<\/p>\n","protected":false},"author":8,"featured_media":0,"parent":427,"menu_order":0,"comment_status":"closed","ping_status":"closed","template":"","meta":{"footnotes":""},"class_list":["post-508","page","type-page","status-publish","hentry"],"_links":{"self":[{"href":"https:\/\/www.hospitaltocopilla.cl\/index.php?rest_route=\/wp\/v2\/pages\/508","targetHints":{"allow":["GET"]}}],"collection":[{"href":"https:\/\/www.hospitaltocopilla.cl\/index.php?rest_route=\/wp\/v2\/pages"}],"about":[{"href":"https:\/\/www.hospitaltocopilla.cl\/index.php?rest_route=\/wp\/v2\/types\/page"}],"author":[{"embeddable":true,"href":"https:\/\/www.hospitaltocopilla.cl\/index.php?rest_route=\/wp\/v2\/users\/8"}],"replies":[{"embeddable":true,"href":"https:\/\/www.hospitaltocopilla.cl\/index.php?rest_route=%2Fwp%2Fv2%2Fcomments&post=508"}],"version-history":[{"count":11,"href":"https:\/\/www.hospitaltocopilla.cl\/index.php?rest_route=\/wp\/v2\/pages\/508\/revisions"}],"predecessor-version":[{"id":6147,"href":"https:\/\/www.hospitaltocopilla.cl\/index.php?rest_route=\/wp\/v2\/pages\/508\/revisions\/6147"}],"up":[{"embeddable":true,"href":"https:\/\/www.hospitaltocopilla.cl\/index.php?rest_route=\/wp\/v2\/pages\/427"}],"wp:attachment":[{"href":"https:\/\/www.hospitaltocopilla.cl\/index.php?rest_route=%2Fwp%2Fv2%2Fmedia&parent=508"}],"curies":[{"name":"wp","href":"https:\/\/api.w.org\/{rel}","templated":true}]}}