{"id":4620,"date":"2019-09-10T12:01:44","date_gmt":"2019-09-10T12:01:44","guid":{"rendered":"http:\/\/www.hospitaltocopilla.cl\/?page_id=4620"},"modified":"2019-09-11T12:33:27","modified_gmt":"2019-09-11T12:33:27","slug":"jornada-deportiva","status":"publish","type":"page","link":"https:\/\/www.hospitaltocopilla.cl\/?page_id=4620","title":{"rendered":"Jornada Deportiva"},"content":{"rendered":"\n<p>Una intensa jornada deportiva se vivi\u00f3 el lunes 9 de septiembre, como parte de las actividades que bienestar del Hospital Comunitario Marco Macuada, est\u00e1 realizando por su nuevo aniversario.<\/p>\n\n\n\n<p>En  la ocasi\u00f3n, los funcionarios divididos en dos alianzas (amarilla y roja) debieron medirse en unos intensos y entretenidos partidos de v\u00f3leibol (solo para damas) y babifutbol, para damas y varones. <\/p>\n\n\n\n<figure class=\"wp-block-image\"><img loading=\"lazy\" decoding=\"async\" width=\"1024\" height=\"768\" src=\"http:\/\/www.hospitaltocopilla.cl\/wp-content\/uploads\/2019\/09\/Alianza-Amarilla-1024x768.jpg\" alt=\"\" class=\"wp-image-4621\" srcset=\"https:\/\/www.hospitaltocopilla.cl\/wp-content\/uploads\/2019\/09\/Alianza-Amarilla-1024x768.jpg 1024w, https:\/\/www.hospitaltocopilla.cl\/wp-content\/uploads\/2019\/09\/Alianza-Amarilla-300x225.jpg 300w, https:\/\/www.hospitaltocopilla.cl\/wp-content\/uploads\/2019\/09\/Alianza-Amarilla-768x576.jpg 768w, https:\/\/www.hospitaltocopilla.cl\/wp-content\/uploads\/2019\/09\/Alianza-Amarilla-660x495.jpg 660w\" sizes=\"auto, (max-width: 1024px) 100vw, 1024px\" \/><figcaption>Alianza Amarilla<\/figcaption><\/figure>\n\n\n\n<figure class=\"wp-block-image\"><img loading=\"lazy\" decoding=\"async\" width=\"1024\" height=\"768\" src=\"http:\/\/www.hospitaltocopilla.cl\/wp-content\/uploads\/2019\/09\/Alianza-Roja-1024x768.jpg\" alt=\"\" class=\"wp-image-4622\" srcset=\"https:\/\/www.hospitaltocopilla.cl\/wp-content\/uploads\/2019\/09\/Alianza-Roja-1024x768.jpg 1024w, https:\/\/www.hospitaltocopilla.cl\/wp-content\/uploads\/2019\/09\/Alianza-Roja-300x225.jpg 300w, https:\/\/www.hospitaltocopilla.cl\/wp-content\/uploads\/2019\/09\/Alianza-Roja-768x576.jpg 768w, https:\/\/www.hospitaltocopilla.cl\/wp-content\/uploads\/2019\/09\/Alianza-Roja-660x495.jpg 660w\" sizes=\"auto, (max-width: 1024px) 100vw, 1024px\" \/><figcaption> <br>Alianza  Roja<\/figcaption><\/figure>\n\n\n\n<figure class=\"wp-block-image\"><img loading=\"lazy\" decoding=\"async\" width=\"1024\" height=\"768\" src=\"http:\/\/www.hospitaltocopilla.cl\/wp-content\/uploads\/2019\/09\/Voley-Amarillo-1024x768.jpg\" alt=\"\" class=\"wp-image-4623\" srcset=\"https:\/\/www.hospitaltocopilla.cl\/wp-content\/uploads\/2019\/09\/Voley-Amarillo-1024x768.jpg 1024w, https:\/\/www.hospitaltocopilla.cl\/wp-content\/uploads\/2019\/09\/Voley-Amarillo-300x225.jpg 300w, https:\/\/www.hospitaltocopilla.cl\/wp-content\/uploads\/2019\/09\/Voley-Amarillo-768x576.jpg 768w, https:\/\/www.hospitaltocopilla.cl\/wp-content\/uploads\/2019\/09\/Voley-Amarillo-660x495.jpg 660w\" sizes=\"auto, (max-width: 1024px) 100vw, 1024px\" \/><figcaption>Equipo voleibol (A. Amarilla)<\/figcaption><\/figure>\n\n\n\n<figure class=\"wp-block-image\"><img loading=\"lazy\" decoding=\"async\" width=\"1024\" height=\"768\" src=\"http:\/\/www.hospitaltocopilla.cl\/wp-content\/uploads\/2019\/09\/Voley-Rojo-1024x768.jpg\" alt=\"\" class=\"wp-image-4624\" srcset=\"https:\/\/www.hospitaltocopilla.cl\/wp-content\/uploads\/2019\/09\/Voley-Rojo-1024x768.jpg 1024w, https:\/\/www.hospitaltocopilla.cl\/wp-content\/uploads\/2019\/09\/Voley-Rojo-300x225.jpg 300w, https:\/\/www.hospitaltocopilla.cl\/wp-content\/uploads\/2019\/09\/Voley-Rojo-768x576.jpg 768w, https:\/\/www.hospitaltocopilla.cl\/wp-content\/uploads\/2019\/09\/Voley-Rojo-660x495.jpg 660w\" sizes=\"auto, (max-width: 1024px) 100vw, 1024px\" \/><figcaption>Equipo voleibol (A. Roja)<\/figcaption><\/figure>\n\n\n\n<figure class=\"wp-block-image\"><img loading=\"lazy\" decoding=\"async\" width=\"1024\" height=\"768\" src=\"http:\/\/www.hospitaltocopilla.cl\/wp-content\/uploads\/2019\/09\/IMG_1270-1024x768.jpg\" alt=\"\" class=\"wp-image-4625\" srcset=\"https:\/\/www.hospitaltocopilla.cl\/wp-content\/uploads\/2019\/09\/IMG_1270-1024x768.jpg 1024w, https:\/\/www.hospitaltocopilla.cl\/wp-content\/uploads\/2019\/09\/IMG_1270-300x225.jpg 300w, https:\/\/www.hospitaltocopilla.cl\/wp-content\/uploads\/2019\/09\/IMG_1270-768x576.jpg 768w, https:\/\/www.hospitaltocopilla.cl\/wp-content\/uploads\/2019\/09\/IMG_1270-660x495.jpg 660w\" sizes=\"auto, (max-width: 1024px) 100vw, 1024px\" \/><\/figure>\n\n\n\n<figure class=\"wp-block-image\"><img loading=\"lazy\" decoding=\"async\" width=\"1024\" height=\"768\" src=\"http:\/\/www.hospitaltocopilla.cl\/wp-content\/uploads\/2019\/09\/IMG_1271-1024x768.jpg\" alt=\"\" class=\"wp-image-4626\" srcset=\"https:\/\/www.hospitaltocopilla.cl\/wp-content\/uploads\/2019\/09\/IMG_1271-1024x768.jpg 1024w, https:\/\/www.hospitaltocopilla.cl\/wp-content\/uploads\/2019\/09\/IMG_1271-300x225.jpg 300w, https:\/\/www.hospitaltocopilla.cl\/wp-content\/uploads\/2019\/09\/IMG_1271-768x576.jpg 768w, https:\/\/www.hospitaltocopilla.cl\/wp-content\/uploads\/2019\/09\/IMG_1271-660x495.jpg 660w\" sizes=\"auto, (max-width: 1024px) 100vw, 1024px\" \/><\/figure>\n\n\n\n<figure class=\"wp-block-image\"><img loading=\"lazy\" decoding=\"async\" width=\"1024\" height=\"768\" src=\"http:\/\/www.hospitaltocopilla.cl\/wp-content\/uploads\/2019\/09\/IMG_1272-1024x768.jpg\" alt=\"\" class=\"wp-image-4627\" srcset=\"https:\/\/www.hospitaltocopilla.cl\/wp-content\/uploads\/2019\/09\/IMG_1272-1024x768.jpg 1024w, https:\/\/www.hospitaltocopilla.cl\/wp-content\/uploads\/2019\/09\/IMG_1272-300x225.jpg 300w, https:\/\/www.hospitaltocopilla.cl\/wp-content\/uploads\/2019\/09\/IMG_1272-768x576.jpg 768w, https:\/\/www.hospitaltocopilla.cl\/wp-content\/uploads\/2019\/09\/IMG_1272-660x495.jpg 660w\" sizes=\"auto, (max-width: 1024px) 100vw, 1024px\" \/><\/figure>\n\n\n\n<figure class=\"wp-block-image\"><img loading=\"lazy\" decoding=\"async\" width=\"1024\" height=\"768\" src=\"http:\/\/www.hospitaltocopilla.cl\/wp-content\/uploads\/2019\/09\/IMG_1273-1024x768.jpg\" alt=\"\" class=\"wp-image-4628\" srcset=\"https:\/\/www.hospitaltocopilla.cl\/wp-content\/uploads\/2019\/09\/IMG_1273-1024x768.jpg 1024w, https:\/\/www.hospitaltocopilla.cl\/wp-content\/uploads\/2019\/09\/IMG_1273-300x225.jpg 300w, https:\/\/www.hospitaltocopilla.cl\/wp-content\/uploads\/2019\/09\/IMG_1273-768x576.jpg 768w, https:\/\/www.hospitaltocopilla.cl\/wp-content\/uploads\/2019\/09\/IMG_1273-660x495.jpg 660w\" sizes=\"auto, (max-width: 1024px) 100vw, 1024px\" \/><\/figure>\n\n\n\n<figure class=\"wp-block-image\"><img loading=\"lazy\" decoding=\"async\" width=\"1024\" height=\"768\" src=\"http:\/\/www.hospitaltocopilla.cl\/wp-content\/uploads\/2019\/09\/IMG_1274-1024x768.jpg\" alt=\"\" class=\"wp-image-4629\" srcset=\"https:\/\/www.hospitaltocopilla.cl\/wp-content\/uploads\/2019\/09\/IMG_1274-1024x768.jpg 1024w, https:\/\/www.hospitaltocopilla.cl\/wp-content\/uploads\/2019\/09\/IMG_1274-300x225.jpg 300w, https:\/\/www.hospitaltocopilla.cl\/wp-content\/uploads\/2019\/09\/IMG_1274-768x576.jpg 768w, https:\/\/www.hospitaltocopilla.cl\/wp-content\/uploads\/2019\/09\/IMG_1274-660x495.jpg 660w\" sizes=\"auto, (max-width: 1024px) 100vw, 1024px\" \/><\/figure>\n\n\n\n<figure class=\"wp-block-image\"><img loading=\"lazy\" decoding=\"async\" width=\"1024\" height=\"768\" src=\"http:\/\/www.hospitaltocopilla.cl\/wp-content\/uploads\/2019\/09\/IMG_1276-1024x768.jpg\" alt=\"\" class=\"wp-image-4630\" srcset=\"https:\/\/www.hospitaltocopilla.cl\/wp-content\/uploads\/2019\/09\/IMG_1276-1024x768.jpg 1024w, https:\/\/www.hospitaltocopilla.cl\/wp-content\/uploads\/2019\/09\/IMG_1276-300x225.jpg 300w, https:\/\/www.hospitaltocopilla.cl\/wp-content\/uploads\/2019\/09\/IMG_1276-768x576.jpg 768w, https:\/\/www.hospitaltocopilla.cl\/wp-content\/uploads\/2019\/09\/IMG_1276-660x495.jpg 660w\" sizes=\"auto, (max-width: 1024px) 100vw, 1024px\" \/><\/figure>\n\n\n\n<figure class=\"wp-block-image\"><img loading=\"lazy\" decoding=\"async\" width=\"1024\" height=\"768\" src=\"http:\/\/www.hospitaltocopilla.cl\/wp-content\/uploads\/2019\/09\/IMG_1277-1024x768.jpg\" alt=\"\" class=\"wp-image-4631\" srcset=\"https:\/\/www.hospitaltocopilla.cl\/wp-content\/uploads\/2019\/09\/IMG_1277-1024x768.jpg 1024w, https:\/\/www.hospitaltocopilla.cl\/wp-content\/uploads\/2019\/09\/IMG_1277-300x225.jpg 300w, https:\/\/www.hospitaltocopilla.cl\/wp-content\/uploads\/2019\/09\/IMG_1277-768x576.jpg 768w, https:\/\/www.hospitaltocopilla.cl\/wp-content\/uploads\/2019\/09\/IMG_1277-660x495.jpg 660w\" sizes=\"auto, (max-width: 1024px) 100vw, 1024px\" \/><\/figure>\n\n\n\n<figure class=\"wp-block-image\"><img loading=\"lazy\" decoding=\"async\" width=\"1024\" height=\"768\" src=\"http:\/\/www.hospitaltocopilla.cl\/wp-content\/uploads\/2019\/09\/IMG_1278-1024x768.jpg\" alt=\"\" class=\"wp-image-4632\" srcset=\"https:\/\/www.hospitaltocopilla.cl\/wp-content\/uploads\/2019\/09\/IMG_1278-1024x768.jpg 1024w, https:\/\/www.hospitaltocopilla.cl\/wp-content\/uploads\/2019\/09\/IMG_1278-300x225.jpg 300w, https:\/\/www.hospitaltocopilla.cl\/wp-content\/uploads\/2019\/09\/IMG_1278-768x576.jpg 768w, https:\/\/www.hospitaltocopilla.cl\/wp-content\/uploads\/2019\/09\/IMG_1278-660x495.jpg 660w\" sizes=\"auto, (max-width: 1024px) 100vw, 1024px\" \/><\/figure>\n\n\n\n<figure class=\"wp-block-image\"><img loading=\"lazy\" decoding=\"async\" width=\"1024\" height=\"768\" src=\"http:\/\/www.hospitaltocopilla.cl\/wp-content\/uploads\/2019\/09\/IMG_1294-2-1024x768.jpg\" alt=\"\" class=\"wp-image-4639\" srcset=\"https:\/\/www.hospitaltocopilla.cl\/wp-content\/uploads\/2019\/09\/IMG_1294-2-1024x768.jpg 1024w, https:\/\/www.hospitaltocopilla.cl\/wp-content\/uploads\/2019\/09\/IMG_1294-2-300x225.jpg 300w, https:\/\/www.hospitaltocopilla.cl\/wp-content\/uploads\/2019\/09\/IMG_1294-2-768x576.jpg 768w, https:\/\/www.hospitaltocopilla.cl\/wp-content\/uploads\/2019\/09\/IMG_1294-2-660x495.jpg 660w\" sizes=\"auto, (max-width: 1024px) 100vw, 1024px\" \/><\/figure>\n\n\n\n<figure class=\"wp-block-image\"><img loading=\"lazy\" decoding=\"async\" width=\"1024\" height=\"768\" src=\"http:\/\/www.hospitaltocopilla.cl\/wp-content\/uploads\/2019\/09\/IMG_1295-1024x768.jpg\" alt=\"\" class=\"wp-image-4645\" srcset=\"https:\/\/www.hospitaltocopilla.cl\/wp-content\/uploads\/2019\/09\/IMG_1295-1024x768.jpg 1024w, https:\/\/www.hospitaltocopilla.cl\/wp-content\/uploads\/2019\/09\/IMG_1295-300x225.jpg 300w, https:\/\/www.hospitaltocopilla.cl\/wp-content\/uploads\/2019\/09\/IMG_1295-768x576.jpg 768w, https:\/\/www.hospitaltocopilla.cl\/wp-content\/uploads\/2019\/09\/IMG_1295-660x495.jpg 660w\" sizes=\"auto, (max-width: 1024px) 100vw, 1024px\" \/><\/figure>\n\n\n\n<figure class=\"wp-block-image\"><img loading=\"lazy\" decoding=\"async\" width=\"1024\" height=\"768\" src=\"http:\/\/www.hospitaltocopilla.cl\/wp-content\/uploads\/2019\/09\/IMG_1296-1024x768.jpg\" alt=\"\" class=\"wp-image-4646\" srcset=\"https:\/\/www.hospitaltocopilla.cl\/wp-content\/uploads\/2019\/09\/IMG_1296-1024x768.jpg 1024w, https:\/\/www.hospitaltocopilla.cl\/wp-content\/uploads\/2019\/09\/IMG_1296-300x225.jpg 300w, https:\/\/www.hospitaltocopilla.cl\/wp-content\/uploads\/2019\/09\/IMG_1296-768x576.jpg 768w, https:\/\/www.hospitaltocopilla.cl\/wp-content\/uploads\/2019\/09\/IMG_1296-660x495.jpg 660w\" sizes=\"auto, (max-width: 1024px) 100vw, 1024px\" \/><\/figure>\n\n\n\n<figure class=\"wp-block-image\"><img loading=\"lazy\" decoding=\"async\" width=\"1024\" height=\"768\" src=\"http:\/\/www.hospitaltocopilla.cl\/wp-content\/uploads\/2019\/09\/IMG_1298-1024x768.jpg\" alt=\"\" class=\"wp-image-4647\" srcset=\"https:\/\/www.hospitaltocopilla.cl\/wp-content\/uploads\/2019\/09\/IMG_1298-1024x768.jpg 1024w, https:\/\/www.hospitaltocopilla.cl\/wp-content\/uploads\/2019\/09\/IMG_1298-300x225.jpg 300w, https:\/\/www.hospitaltocopilla.cl\/wp-content\/uploads\/2019\/09\/IMG_1298-768x576.jpg 768w, https:\/\/www.hospitaltocopilla.cl\/wp-content\/uploads\/2019\/09\/IMG_1298-660x495.jpg 660w\" sizes=\"auto, (max-width: 1024px) 100vw, 1024px\" \/><\/figure>\n\n\n\n<figure class=\"wp-block-image\"><img loading=\"lazy\" decoding=\"async\" width=\"1024\" height=\"768\" src=\"http:\/\/www.hospitaltocopilla.cl\/wp-content\/uploads\/2019\/09\/IMG_1299-1024x768.jpg\" alt=\"\" class=\"wp-image-4648\" srcset=\"https:\/\/www.hospitaltocopilla.cl\/wp-content\/uploads\/2019\/09\/IMG_1299-1024x768.jpg 1024w, https:\/\/www.hospitaltocopilla.cl\/wp-content\/uploads\/2019\/09\/IMG_1299-300x225.jpg 300w, https:\/\/www.hospitaltocopilla.cl\/wp-content\/uploads\/2019\/09\/IMG_1299-768x576.jpg 768w, https:\/\/www.hospitaltocopilla.cl\/wp-content\/uploads\/2019\/09\/IMG_1299-660x495.jpg 660w\" sizes=\"auto, (max-width: 1024px) 100vw, 1024px\" \/><\/figure>\n\n\n\n<figure class=\"wp-block-image\"><img loading=\"lazy\" decoding=\"async\" width=\"1024\" height=\"768\" src=\"http:\/\/www.hospitaltocopilla.cl\/wp-content\/uploads\/2019\/09\/IMG_1301-1024x768.jpg\" alt=\"\" class=\"wp-image-4650\" srcset=\"https:\/\/www.hospitaltocopilla.cl\/wp-content\/uploads\/2019\/09\/IMG_1301-1024x768.jpg 1024w, https:\/\/www.hospitaltocopilla.cl\/wp-content\/uploads\/2019\/09\/IMG_1301-300x225.jpg 300w, https:\/\/www.hospitaltocopilla.cl\/wp-content\/uploads\/2019\/09\/IMG_1301-768x576.jpg 768w, https:\/\/www.hospitaltocopilla.cl\/wp-content\/uploads\/2019\/09\/IMG_1301-660x495.jpg 660w\" sizes=\"auto, (max-width: 1024px) 100vw, 1024px\" \/><\/figure>\n\n\n\n<figure class=\"wp-block-image\"><img loading=\"lazy\" decoding=\"async\" width=\"1024\" height=\"768\" src=\"http:\/\/www.hospitaltocopilla.cl\/wp-content\/uploads\/2019\/09\/IMG_1302-1024x768.jpg\" alt=\"\" class=\"wp-image-4651\" srcset=\"https:\/\/www.hospitaltocopilla.cl\/wp-content\/uploads\/2019\/09\/IMG_1302-1024x768.jpg 1024w, https:\/\/www.hospitaltocopilla.cl\/wp-content\/uploads\/2019\/09\/IMG_1302-300x225.jpg 300w, https:\/\/www.hospitaltocopilla.cl\/wp-content\/uploads\/2019\/09\/IMG_1302-768x576.jpg 768w, https:\/\/www.hospitaltocopilla.cl\/wp-content\/uploads\/2019\/09\/IMG_1302-660x495.jpg 660w\" sizes=\"auto, (max-width: 1024px) 100vw, 1024px\" \/><\/figure>\n\n\n\n<figure class=\"wp-block-image\"><img loading=\"lazy\" decoding=\"async\" width=\"1024\" height=\"768\" src=\"http:\/\/www.hospitaltocopilla.cl\/wp-content\/uploads\/2019\/09\/IMG_1303-1024x768.jpg\" alt=\"\" class=\"wp-image-4652\" srcset=\"https:\/\/www.hospitaltocopilla.cl\/wp-content\/uploads\/2019\/09\/IMG_1303-1024x768.jpg 1024w, https:\/\/www.hospitaltocopilla.cl\/wp-content\/uploads\/2019\/09\/IMG_1303-300x225.jpg 300w, https:\/\/www.hospitaltocopilla.cl\/wp-content\/uploads\/2019\/09\/IMG_1303-768x576.jpg 768w, https:\/\/www.hospitaltocopilla.cl\/wp-content\/uploads\/2019\/09\/IMG_1303-660x495.jpg 660w\" sizes=\"auto, (max-width: 1024px) 100vw, 1024px\" \/><\/figure>\n\n\n\n<figure class=\"wp-block-image\"><img loading=\"lazy\" decoding=\"async\" width=\"1024\" height=\"768\" src=\"http:\/\/www.hospitaltocopilla.cl\/wp-content\/uploads\/2019\/09\/IMG_1304-1024x768.jpg\" alt=\"\" class=\"wp-image-4654\" srcset=\"https:\/\/www.hospitaltocopilla.cl\/wp-content\/uploads\/2019\/09\/IMG_1304-1024x768.jpg 1024w, https:\/\/www.hospitaltocopilla.cl\/wp-content\/uploads\/2019\/09\/IMG_1304-300x225.jpg 300w, https:\/\/www.hospitaltocopilla.cl\/wp-content\/uploads\/2019\/09\/IMG_1304-768x576.jpg 768w, https:\/\/www.hospitaltocopilla.cl\/wp-content\/uploads\/2019\/09\/IMG_1304-660x495.jpg 660w\" sizes=\"auto, (max-width: 1024px) 100vw, 1024px\" \/><\/figure>\n\n\n\n<figure class=\"wp-block-image\"><img loading=\"lazy\" decoding=\"async\" width=\"1024\" height=\"768\" src=\"http:\/\/www.hospitaltocopilla.cl\/wp-content\/uploads\/2019\/09\/IMG_1305-1024x768.jpg\" alt=\"\" class=\"wp-image-4655\" srcset=\"https:\/\/www.hospitaltocopilla.cl\/wp-content\/uploads\/2019\/09\/IMG_1305-1024x768.jpg 1024w, https:\/\/www.hospitaltocopilla.cl\/wp-content\/uploads\/2019\/09\/IMG_1305-300x225.jpg 300w, https:\/\/www.hospitaltocopilla.cl\/wp-content\/uploads\/2019\/09\/IMG_1305-768x576.jpg 768w, https:\/\/www.hospitaltocopilla.cl\/wp-content\/uploads\/2019\/09\/IMG_1305-660x495.jpg 660w\" sizes=\"auto, (max-width: 1024px) 100vw, 1024px\" \/><\/figure>\n\n\n\n<figure class=\"wp-block-image\"><img loading=\"lazy\" decoding=\"async\" width=\"1024\" height=\"575\" src=\"http:\/\/www.hospitaltocopilla.cl\/wp-content\/uploads\/2019\/09\/IMG_1308-1024x575.jpg\" alt=\"\" class=\"wp-image-4656\" srcset=\"https:\/\/www.hospitaltocopilla.cl\/wp-content\/uploads\/2019\/09\/IMG_1308-1024x575.jpg 1024w, https:\/\/www.hospitaltocopilla.cl\/wp-content\/uploads\/2019\/09\/IMG_1308-300x169.jpg 300w, https:\/\/www.hospitaltocopilla.cl\/wp-content\/uploads\/2019\/09\/IMG_1308-768x432.jpg 768w, https:\/\/www.hospitaltocopilla.cl\/wp-content\/uploads\/2019\/09\/IMG_1308-660x371.jpg 660w\" sizes=\"auto, (max-width: 1024px) 100vw, 1024px\" \/><\/figure>\n","protected":false},"excerpt":{"rendered":"<p>Una intensa jornada deportiva se vivi\u00f3 el lunes 9 de septiembre, como parte de las actividades que bienestar del Hospital Comunitario Marco Macuada, est\u00e1 realizando por su nuevo aniversario. En la ocasi\u00f3n, los funcionarios divididos en dos alianzas (amarilla y roja) debieron medirse en unos intensos y entretenidos partidos de v\u00f3leibol (solo para damas) y [&hellip;]<\/p>\n","protected":false},"author":8,"featured_media":4638,"parent":4574,"menu_order":0,"comment_status":"closed","ping_status":"closed","template":"","meta":{"footnotes":""},"class_list":["post-4620","page","type-page","status-publish","has-post-thumbnail","hentry"],"_links":{"self":[{"href":"https:\/\/www.hospitaltocopilla.cl\/index.php?rest_route=\/wp\/v2\/pages\/4620","targetHints":{"allow":["GET"]}}],"collection":[{"href":"https:\/\/www.hospitaltocopilla.cl\/index.php?rest_route=\/wp\/v2\/pages"}],"about":[{"href":"https:\/\/www.hospitaltocopilla.cl\/index.php?rest_route=\/wp\/v2\/types\/page"}],"author":[{"embeddable":true,"href":"https:\/\/www.hospitaltocopilla.cl\/index.php?rest_route=\/wp\/v2\/users\/8"}],"replies":[{"embeddable":true,"href":"https:\/\/www.hospitaltocopilla.cl\/index.php?rest_route=%2Fwp%2Fv2%2Fcomments&post=4620"}],"version-history":[{"count":4,"href":"https:\/\/www.hospitaltocopilla.cl\/index.php?rest_route=\/wp\/v2\/pages\/4620\/revisions"}],"predecessor-version":[{"id":4657,"href":"https:\/\/www.hospitaltocopilla.cl\/index.php?rest_route=\/wp\/v2\/pages\/4620\/revisions\/4657"}],"up":[{"embeddable":true,"href":"https:\/\/www.hospitaltocopilla.cl\/index.php?rest_route=\/wp\/v2\/pages\/4574"}],"wp:featuredmedia":[{"embeddable":true,"href":"https:\/\/www.hospitaltocopilla.cl\/index.php?rest_route=\/wp\/v2\/media\/4638"}],"wp:attachment":[{"href":"https:\/\/www.hospitaltocopilla.cl\/index.php?rest_route=%2Fwp%2Fv2%2Fmedia&parent=4620"}],"curies":[{"name":"wp","href":"https:\/\/api.w.org\/{rel}","templated":true}]}}