{"id":4371,"date":"2019-08-12T20:55:38","date_gmt":"2019-08-12T20:55:38","guid":{"rendered":"http:\/\/www.hospitaltocopilla.cl\/?page_id=4371"},"modified":"2019-08-12T20:55:39","modified_gmt":"2019-08-12T20:55:39","slug":"dia-de-la-mujer-2019","status":"publish","type":"page","link":"https:\/\/www.hospitaltocopilla.cl\/?page_id=4371","title":{"rendered":"D\u00eda de la Mujer 2019"},"content":{"rendered":"\n<p>El 8 de marzo se conmemor\u00f3 en todo el mundo el D\u00eda Internacional de la Mujer, ocasi\u00f3n donde el #HospitalComunitarioMarcosMacuada, entreg\u00f3 un peque\u00f1o presente a su personal.<\/p>\n\n\n\n<figure class=\"wp-block-image\"><img loading=\"lazy\" decoding=\"async\" width=\"1024\" height=\"768\" src=\"http:\/\/www.hospitaltocopilla.cl\/wp-content\/uploads\/2019\/08\/20190308_083023-1024x768.jpg\" alt=\"\" class=\"wp-image-4372\" srcset=\"https:\/\/www.hospitaltocopilla.cl\/wp-content\/uploads\/2019\/08\/20190308_083023-1024x768.jpg 1024w, https:\/\/www.hospitaltocopilla.cl\/wp-content\/uploads\/2019\/08\/20190308_083023-300x225.jpg 300w, https:\/\/www.hospitaltocopilla.cl\/wp-content\/uploads\/2019\/08\/20190308_083023-768x576.jpg 768w, https:\/\/www.hospitaltocopilla.cl\/wp-content\/uploads\/2019\/08\/20190308_083023-660x495.jpg 660w\" sizes=\"auto, (max-width: 1024px) 100vw, 1024px\" \/><\/figure>\n\n\n\n<figure class=\"wp-block-image\"><img loading=\"lazy\" decoding=\"async\" width=\"1024\" height=\"768\" src=\"http:\/\/www.hospitaltocopilla.cl\/wp-content\/uploads\/2019\/08\/20190308_083736-1024x768.jpg\" alt=\"\" class=\"wp-image-4373\" srcset=\"https:\/\/www.hospitaltocopilla.cl\/wp-content\/uploads\/2019\/08\/20190308_083736-1024x768.jpg 1024w, https:\/\/www.hospitaltocopilla.cl\/wp-content\/uploads\/2019\/08\/20190308_083736-300x225.jpg 300w, https:\/\/www.hospitaltocopilla.cl\/wp-content\/uploads\/2019\/08\/20190308_083736-768x576.jpg 768w, https:\/\/www.hospitaltocopilla.cl\/wp-content\/uploads\/2019\/08\/20190308_083736-660x495.jpg 660w\" sizes=\"auto, (max-width: 1024px) 100vw, 1024px\" \/><\/figure>\n\n\n\n<figure class=\"wp-block-image\"><img loading=\"lazy\" decoding=\"async\" width=\"1024\" height=\"768\" src=\"http:\/\/www.hospitaltocopilla.cl\/wp-content\/uploads\/2019\/08\/20190308_084228-1024x768.jpg\" alt=\"\" class=\"wp-image-4374\" srcset=\"https:\/\/www.hospitaltocopilla.cl\/wp-content\/uploads\/2019\/08\/20190308_084228-1024x768.jpg 1024w, https:\/\/www.hospitaltocopilla.cl\/wp-content\/uploads\/2019\/08\/20190308_084228-300x225.jpg 300w, https:\/\/www.hospitaltocopilla.cl\/wp-content\/uploads\/2019\/08\/20190308_084228-768x576.jpg 768w, https:\/\/www.hospitaltocopilla.cl\/wp-content\/uploads\/2019\/08\/20190308_084228-660x495.jpg 660w\" sizes=\"auto, (max-width: 1024px) 100vw, 1024px\" \/><\/figure>\n\n\n\n<figure class=\"wp-block-image\"><img loading=\"lazy\" decoding=\"async\" width=\"1024\" height=\"768\" src=\"http:\/\/www.hospitaltocopilla.cl\/wp-content\/uploads\/2019\/08\/20190308_084536-1024x768.jpg\" alt=\"\" class=\"wp-image-4375\" srcset=\"https:\/\/www.hospitaltocopilla.cl\/wp-content\/uploads\/2019\/08\/20190308_084536-1024x768.jpg 1024w, https:\/\/www.hospitaltocopilla.cl\/wp-content\/uploads\/2019\/08\/20190308_084536-300x225.jpg 300w, https:\/\/www.hospitaltocopilla.cl\/wp-content\/uploads\/2019\/08\/20190308_084536-768x576.jpg 768w, https:\/\/www.hospitaltocopilla.cl\/wp-content\/uploads\/2019\/08\/20190308_084536-660x495.jpg 660w\" sizes=\"auto, (max-width: 1024px) 100vw, 1024px\" \/><\/figure>\n\n\n\n<figure class=\"wp-block-image\"><img loading=\"lazy\" decoding=\"async\" width=\"1024\" height=\"768\" src=\"http:\/\/www.hospitaltocopilla.cl\/wp-content\/uploads\/2019\/08\/20190308_084754-1024x768.jpg\" alt=\"\" class=\"wp-image-4376\" srcset=\"https:\/\/www.hospitaltocopilla.cl\/wp-content\/uploads\/2019\/08\/20190308_084754-1024x768.jpg 1024w, https:\/\/www.hospitaltocopilla.cl\/wp-content\/uploads\/2019\/08\/20190308_084754-300x225.jpg 300w, https:\/\/www.hospitaltocopilla.cl\/wp-content\/uploads\/2019\/08\/20190308_084754-768x576.jpg 768w, https:\/\/www.hospitaltocopilla.cl\/wp-content\/uploads\/2019\/08\/20190308_084754-660x495.jpg 660w\" sizes=\"auto, (max-width: 1024px) 100vw, 1024px\" \/><\/figure>\n\n\n\n<figure class=\"wp-block-image\"><img loading=\"lazy\" decoding=\"async\" width=\"1024\" height=\"768\" src=\"http:\/\/www.hospitaltocopilla.cl\/wp-content\/uploads\/2019\/08\/20190308_085305-1024x768.jpg\" alt=\"\" class=\"wp-image-4377\" srcset=\"https:\/\/www.hospitaltocopilla.cl\/wp-content\/uploads\/2019\/08\/20190308_085305-1024x768.jpg 1024w, https:\/\/www.hospitaltocopilla.cl\/wp-content\/uploads\/2019\/08\/20190308_085305-300x225.jpg 300w, https:\/\/www.hospitaltocopilla.cl\/wp-content\/uploads\/2019\/08\/20190308_085305-768x576.jpg 768w, https:\/\/www.hospitaltocopilla.cl\/wp-content\/uploads\/2019\/08\/20190308_085305-660x495.jpg 660w\" sizes=\"auto, (max-width: 1024px) 100vw, 1024px\" \/><\/figure>\n\n\n\n<figure class=\"wp-block-image\"><img loading=\"lazy\" decoding=\"async\" width=\"1024\" height=\"768\" src=\"http:\/\/www.hospitaltocopilla.cl\/wp-content\/uploads\/2019\/08\/20190308_090656-1024x768.jpg\" alt=\"\" class=\"wp-image-4378\" srcset=\"https:\/\/www.hospitaltocopilla.cl\/wp-content\/uploads\/2019\/08\/20190308_090656-1024x768.jpg 1024w, https:\/\/www.hospitaltocopilla.cl\/wp-content\/uploads\/2019\/08\/20190308_090656-300x225.jpg 300w, https:\/\/www.hospitaltocopilla.cl\/wp-content\/uploads\/2019\/08\/20190308_090656-768x576.jpg 768w, https:\/\/www.hospitaltocopilla.cl\/wp-content\/uploads\/2019\/08\/20190308_090656-660x495.jpg 660w\" sizes=\"auto, (max-width: 1024px) 100vw, 1024px\" \/><\/figure>\n\n\n\n<figure class=\"wp-block-image\"><img loading=\"lazy\" decoding=\"async\" width=\"1024\" height=\"768\" src=\"http:\/\/www.hospitaltocopilla.cl\/wp-content\/uploads\/2019\/08\/20190308_091343-1024x768.jpg\" alt=\"\" class=\"wp-image-4379\" srcset=\"https:\/\/www.hospitaltocopilla.cl\/wp-content\/uploads\/2019\/08\/20190308_091343-1024x768.jpg 1024w, https:\/\/www.hospitaltocopilla.cl\/wp-content\/uploads\/2019\/08\/20190308_091343-300x225.jpg 300w, https:\/\/www.hospitaltocopilla.cl\/wp-content\/uploads\/2019\/08\/20190308_091343-768x576.jpg 768w, https:\/\/www.hospitaltocopilla.cl\/wp-content\/uploads\/2019\/08\/20190308_091343-660x495.jpg 660w\" sizes=\"auto, (max-width: 1024px) 100vw, 1024px\" \/><\/figure>\n\n\n\n<figure class=\"wp-block-image\"><img loading=\"lazy\" decoding=\"async\" width=\"1024\" height=\"576\" src=\"http:\/\/www.hospitaltocopilla.cl\/wp-content\/uploads\/2019\/08\/IMG-20190308-WA0002-1024x576.jpg\" alt=\"\" class=\"wp-image-4380\" srcset=\"https:\/\/www.hospitaltocopilla.cl\/wp-content\/uploads\/2019\/08\/IMG-20190308-WA0002-1024x576.jpg 1024w, https:\/\/www.hospitaltocopilla.cl\/wp-content\/uploads\/2019\/08\/IMG-20190308-WA0002-300x169.jpg 300w, https:\/\/www.hospitaltocopilla.cl\/wp-content\/uploads\/2019\/08\/IMG-20190308-WA0002-768x432.jpg 768w, https:\/\/www.hospitaltocopilla.cl\/wp-content\/uploads\/2019\/08\/IMG-20190308-WA0002-660x371.jpg 660w, https:\/\/www.hospitaltocopilla.cl\/wp-content\/uploads\/2019\/08\/IMG-20190308-WA0002.jpg 1280w\" sizes=\"auto, (max-width: 1024px) 100vw, 1024px\" \/><\/figure>\n","protected":false},"excerpt":{"rendered":"<p>El 8 de marzo se conmemor\u00f3 en todo el mundo el D\u00eda Internacional de la Mujer, ocasi\u00f3n donde el #HospitalComunitarioMarcosMacuada, entreg\u00f3 un peque\u00f1o presente a su personal.<\/p>\n","protected":false},"author":8,"featured_media":0,"parent":1051,"menu_order":0,"comment_status":"closed","ping_status":"closed","template":"","meta":{"footnotes":""},"class_list":["post-4371","page","type-page","status-publish","hentry"],"_links":{"self":[{"href":"https:\/\/www.hospitaltocopilla.cl\/index.php?rest_route=\/wp\/v2\/pages\/4371","targetHints":{"allow":["GET"]}}],"collection":[{"href":"https:\/\/www.hospitaltocopilla.cl\/index.php?rest_route=\/wp\/v2\/pages"}],"about":[{"href":"https:\/\/www.hospitaltocopilla.cl\/index.php?rest_route=\/wp\/v2\/types\/page"}],"author":[{"embeddable":true,"href":"https:\/\/www.hospitaltocopilla.cl\/index.php?rest_route=\/wp\/v2\/users\/8"}],"replies":[{"embeddable":true,"href":"https:\/\/www.hospitaltocopilla.cl\/index.php?rest_route=%2Fwp%2Fv2%2Fcomments&post=4371"}],"version-history":[{"count":1,"href":"https:\/\/www.hospitaltocopilla.cl\/index.php?rest_route=\/wp\/v2\/pages\/4371\/revisions"}],"predecessor-version":[{"id":4381,"href":"https:\/\/www.hospitaltocopilla.cl\/index.php?rest_route=\/wp\/v2\/pages\/4371\/revisions\/4381"}],"up":[{"embeddable":true,"href":"https:\/\/www.hospitaltocopilla.cl\/index.php?rest_route=\/wp\/v2\/pages\/1051"}],"wp:attachment":[{"href":"https:\/\/www.hospitaltocopilla.cl\/index.php?rest_route=%2Fwp%2Fv2%2Fmedia&parent=4371"}],"curies":[{"name":"wp","href":"https:\/\/api.w.org\/{rel}","templated":true}]}}