{"id":1257,"date":"2014-10-06T15:59:38","date_gmt":"2014-10-06T15:59:38","guid":{"rendered":"http:\/\/www.hospitaltocopilla.cl\/?page_id=1257"},"modified":"2014-10-06T16:03:32","modified_gmt":"2014-10-06T16:03:32","slug":"cena-bailable-2014","status":"publish","type":"page","link":"https:\/\/www.hospitaltocopilla.cl\/?page_id=1257","title":{"rendered":"Cena Bailable 2014"},"content":{"rendered":"<p>La Cena bailable del Hospital Marcos Macuada, es una actividad organizada por\u00a0funcionarios para los funcionarios, en la cual participan tradicionalmente los m\u00e9dicos del establecimiento, aportando los recursos necesarios para la cancelaci\u00f3n de un Dj.<\/p>\n<p>Este a\u00f1o, pudimos contar adem\u00e1s, con el arriendo de una cabina de fotos, en donde los funcionarios de manera l\u00fadica capturaron las im\u00e1genes m\u00e1s divertidas de la fiesta.<\/p>\n<p>Ac\u00e1 algunas fotos de la Cena Bailable 2014.<a href=\"http:\/\/www.hospitaltocopilla.cl\/wp-content\/uploads\/2014\/10\/DSC_0875.jpg\"><img loading=\"lazy\" decoding=\"async\" class=\"alignnone size-full wp-image-1227\" src=\"http:\/\/www.hospitaltocopilla.cl\/wp-content\/uploads\/2014\/10\/DSC_0875.jpg\" alt=\"DSC_0875\" width=\"4608\" height=\"3072\" \/><\/a> <a href=\"http:\/\/www.hospitaltocopilla.cl\/wp-content\/uploads\/2014\/10\/DSC_0878.jpg\"><img loading=\"lazy\" decoding=\"async\" class=\"alignnone size-full wp-image-1228\" src=\"http:\/\/www.hospitaltocopilla.cl\/wp-content\/uploads\/2014\/10\/DSC_0878.jpg\" alt=\"DSC_0878\" width=\"4608\" height=\"3072\" \/><\/a> <a href=\"http:\/\/www.hospitaltocopilla.cl\/wp-content\/uploads\/2014\/10\/DSC_0879.jpg\"><img loading=\"lazy\" decoding=\"async\" class=\"alignnone size-full wp-image-1229\" src=\"http:\/\/www.hospitaltocopilla.cl\/wp-content\/uploads\/2014\/10\/DSC_0879.jpg\" alt=\"DSC_0879\" width=\"4608\" height=\"3072\" \/><\/a> <a href=\"http:\/\/www.hospitaltocopilla.cl\/wp-content\/uploads\/2014\/10\/DSC_0881.jpg\"><img loading=\"lazy\" decoding=\"async\" class=\"alignnone size-full wp-image-1230\" src=\"http:\/\/www.hospitaltocopilla.cl\/wp-content\/uploads\/2014\/10\/DSC_0881.jpg\" alt=\"DSC_0881\" width=\"4608\" height=\"3072\" \/><\/a> <a href=\"http:\/\/www.hospitaltocopilla.cl\/wp-content\/uploads\/2014\/10\/DSC_0882.jpg\"><img loading=\"lazy\" decoding=\"async\" class=\"alignnone size-full wp-image-1231\" src=\"http:\/\/www.hospitaltocopilla.cl\/wp-content\/uploads\/2014\/10\/DSC_0882.jpg\" alt=\"DSC_0882\" width=\"3072\" height=\"4608\" \/><\/a> <a href=\"http:\/\/www.hospitaltocopilla.cl\/wp-content\/uploads\/2014\/10\/DSC_0884.jpg\"><img loading=\"lazy\" decoding=\"async\" class=\"alignnone size-full wp-image-1232\" src=\"http:\/\/www.hospitaltocopilla.cl\/wp-content\/uploads\/2014\/10\/DSC_0884.jpg\" alt=\"DSC_0884\" width=\"4608\" height=\"3072\" \/><\/a> <a href=\"http:\/\/www.hospitaltocopilla.cl\/wp-content\/uploads\/2014\/10\/DSC_0886.jpg\"><img loading=\"lazy\" decoding=\"async\" class=\"alignnone size-full wp-image-1233\" src=\"http:\/\/www.hospitaltocopilla.cl\/wp-content\/uploads\/2014\/10\/DSC_0886.jpg\" alt=\"DSC_0886\" width=\"4608\" height=\"3072\" \/><\/a> <a href=\"http:\/\/www.hospitaltocopilla.cl\/wp-content\/uploads\/2014\/10\/DSC_0888.jpg\"><img loading=\"lazy\" decoding=\"async\" class=\"alignnone size-full wp-image-1234\" src=\"http:\/\/www.hospitaltocopilla.cl\/wp-content\/uploads\/2014\/10\/DSC_0888.jpg\" alt=\"DSC_0888\" width=\"4608\" height=\"3072\" \/><\/a> <a href=\"http:\/\/www.hospitaltocopilla.cl\/wp-content\/uploads\/2014\/10\/DSC_0890.jpg\"><img loading=\"lazy\" decoding=\"async\" class=\"alignnone size-full wp-image-1235\" src=\"http:\/\/www.hospitaltocopilla.cl\/wp-content\/uploads\/2014\/10\/DSC_0890.jpg\" alt=\"DSC_0890\" width=\"4608\" height=\"3072\" \/><\/a> <a href=\"http:\/\/www.hospitaltocopilla.cl\/wp-content\/uploads\/2014\/10\/DSC_0893.jpg\"><img loading=\"lazy\" decoding=\"async\" class=\"alignnone size-full wp-image-1237\" src=\"http:\/\/www.hospitaltocopilla.cl\/wp-content\/uploads\/2014\/10\/DSC_0893.jpg\" alt=\"DSC_0893\" width=\"3072\" height=\"4608\" \/><\/a> <a href=\"http:\/\/www.hospitaltocopilla.cl\/wp-content\/uploads\/2014\/10\/DSC_0896.jpg\"><img loading=\"lazy\" decoding=\"async\" class=\"alignnone size-full wp-image-1238\" src=\"http:\/\/www.hospitaltocopilla.cl\/wp-content\/uploads\/2014\/10\/DSC_0896.jpg\" alt=\"DSC_0896\" width=\"4608\" height=\"3072\" \/><\/a> <a href=\"http:\/\/www.hospitaltocopilla.cl\/wp-content\/uploads\/2014\/10\/DSC_0898.jpg\"><img loading=\"lazy\" decoding=\"async\" class=\"alignnone size-full wp-image-1239\" src=\"http:\/\/www.hospitaltocopilla.cl\/wp-content\/uploads\/2014\/10\/DSC_0898.jpg\" alt=\"DSC_0898\" width=\"4608\" height=\"3072\" \/><\/a> <a href=\"http:\/\/www.hospitaltocopilla.cl\/wp-content\/uploads\/2014\/10\/DSC_0899.jpg\"><img loading=\"lazy\" decoding=\"async\" class=\"alignnone size-full wp-image-1240\" src=\"http:\/\/www.hospitaltocopilla.cl\/wp-content\/uploads\/2014\/10\/DSC_0899.jpg\" alt=\"DSC_0899\" width=\"4608\" height=\"3072\" \/><\/a> \u00a0 <a href=\"http:\/\/www.hospitaltocopilla.cl\/wp-content\/uploads\/2014\/10\/DSC_0931.jpg\"><img loading=\"lazy\" decoding=\"async\" class=\"alignnone size-full wp-image-1241\" src=\"http:\/\/www.hospitaltocopilla.cl\/wp-content\/uploads\/2014\/10\/DSC_0931.jpg\" alt=\"DSC_0931\" width=\"4608\" height=\"3072\" \/><\/a> <a href=\"http:\/\/www.hospitaltocopilla.cl\/wp-content\/uploads\/2014\/10\/DSC_09001.jpg\"><img loading=\"lazy\" decoding=\"async\" class=\"alignnone size-full wp-image-1242\" src=\"http:\/\/www.hospitaltocopilla.cl\/wp-content\/uploads\/2014\/10\/DSC_09001.jpg\" alt=\"DSC_0900\" width=\"3072\" height=\"4608\" \/><\/a> <a href=\"http:\/\/www.hospitaltocopilla.cl\/wp-content\/uploads\/2014\/10\/DSC_0903.jpg\"><img loading=\"lazy\" decoding=\"async\" class=\"alignnone size-full wp-image-1243\" src=\"http:\/\/www.hospitaltocopilla.cl\/wp-content\/uploads\/2014\/10\/DSC_0903.jpg\" alt=\"DSC_0903\" width=\"4608\" height=\"3072\" \/><\/a> <a href=\"http:\/\/www.hospitaltocopilla.cl\/wp-content\/uploads\/2014\/10\/DSC_0904.jpg\"><img loading=\"lazy\" decoding=\"async\" class=\"alignnone size-full wp-image-1244\" src=\"http:\/\/www.hospitaltocopilla.cl\/wp-content\/uploads\/2014\/10\/DSC_0904.jpg\" alt=\"DSC_0904\" width=\"3072\" height=\"4608\" \/><\/a> <a href=\"http:\/\/www.hospitaltocopilla.cl\/wp-content\/uploads\/2014\/10\/DSC_0905.jpg\"><img loading=\"lazy\" decoding=\"async\" class=\"alignnone size-full wp-image-1245\" src=\"http:\/\/www.hospitaltocopilla.cl\/wp-content\/uploads\/2014\/10\/DSC_0905.jpg\" alt=\"DSC_0905\" width=\"4608\" height=\"3072\" \/><\/a> <a href=\"http:\/\/www.hospitaltocopilla.cl\/wp-content\/uploads\/2014\/10\/DSC_0907.jpg\"><img loading=\"lazy\" decoding=\"async\" class=\"alignnone size-full wp-image-1246\" src=\"http:\/\/www.hospitaltocopilla.cl\/wp-content\/uploads\/2014\/10\/DSC_0907.jpg\" alt=\"DSC_0907\" width=\"4608\" height=\"3072\" \/><\/a> <a href=\"http:\/\/www.hospitaltocopilla.cl\/wp-content\/uploads\/2014\/10\/DSC_0909.jpg\"><img loading=\"lazy\" decoding=\"async\" class=\"alignnone size-full wp-image-1247\" src=\"http:\/\/www.hospitaltocopilla.cl\/wp-content\/uploads\/2014\/10\/DSC_0909.jpg\" alt=\"DSC_0909\" width=\"4608\" height=\"3072\" \/><\/a> <a href=\"http:\/\/www.hospitaltocopilla.cl\/wp-content\/uploads\/2014\/10\/DSC_0910.jpg\"><img loading=\"lazy\" decoding=\"async\" class=\"alignnone size-full wp-image-1248\" src=\"http:\/\/www.hospitaltocopilla.cl\/wp-content\/uploads\/2014\/10\/DSC_0910.jpg\" alt=\"DSC_0910\" width=\"4608\" height=\"3072\" \/><\/a> <a href=\"http:\/\/www.hospitaltocopilla.cl\/wp-content\/uploads\/2014\/10\/DSC_0912.jpg\"><img loading=\"lazy\" decoding=\"async\" class=\"alignnone size-full wp-image-1249\" src=\"http:\/\/www.hospitaltocopilla.cl\/wp-content\/uploads\/2014\/10\/DSC_0912.jpg\" alt=\"DSC_0912\" width=\"4608\" height=\"3072\" \/><\/a> <a href=\"http:\/\/www.hospitaltocopilla.cl\/wp-content\/uploads\/2014\/10\/DSC_0914.jpg\"><img loading=\"lazy\" decoding=\"async\" class=\"alignnone size-full wp-image-1250\" src=\"http:\/\/www.hospitaltocopilla.cl\/wp-content\/uploads\/2014\/10\/DSC_0914.jpg\" alt=\"DSC_0914\" width=\"4608\" height=\"3072\" \/><\/a> <a href=\"http:\/\/www.hospitaltocopilla.cl\/wp-content\/uploads\/2014\/10\/DSC_0915.jpg\"><img loading=\"lazy\" decoding=\"async\" class=\"alignnone size-full wp-image-1251\" src=\"http:\/\/www.hospitaltocopilla.cl\/wp-content\/uploads\/2014\/10\/DSC_0915.jpg\" alt=\"DSC_0915\" width=\"4608\" height=\"3072\" \/><\/a> <a href=\"http:\/\/www.hospitaltocopilla.cl\/wp-content\/uploads\/2014\/10\/DSC_0918.jpg\"><img loading=\"lazy\" decoding=\"async\" class=\"alignnone size-full wp-image-1252\" src=\"http:\/\/www.hospitaltocopilla.cl\/wp-content\/uploads\/2014\/10\/DSC_0918.jpg\" alt=\"DSC_0918\" width=\"4608\" height=\"3072\" \/><\/a> <a href=\"http:\/\/www.hospitaltocopilla.cl\/wp-content\/uploads\/2014\/10\/DSC_0922.jpg\"><img loading=\"lazy\" decoding=\"async\" class=\"alignnone size-full wp-image-1253\" src=\"http:\/\/www.hospitaltocopilla.cl\/wp-content\/uploads\/2014\/10\/DSC_0922.jpg\" alt=\"DSC_0922\" width=\"4608\" height=\"3072\" \/><\/a> <a href=\"http:\/\/www.hospitaltocopilla.cl\/wp-content\/uploads\/2014\/10\/DSC_0924.jpg\"><img loading=\"lazy\" decoding=\"async\" class=\"alignnone size-full wp-image-1254\" src=\"http:\/\/www.hospitaltocopilla.cl\/wp-content\/uploads\/2014\/10\/DSC_0924.jpg\" alt=\"DSC_0924\" width=\"4608\" height=\"3072\" \/><\/a> <a href=\"http:\/\/www.hospitaltocopilla.cl\/wp-content\/uploads\/2014\/10\/DSC_0927.jpg\"><img loading=\"lazy\" decoding=\"async\" class=\"alignnone size-full wp-image-1255\" src=\"http:\/\/www.hospitaltocopilla.cl\/wp-content\/uploads\/2014\/10\/DSC_0927.jpg\" alt=\"DSC_0927\" width=\"4608\" height=\"3072\" \/><\/a> \u00a0 <a href=\"http:\/\/www.hospitaltocopilla.cl\/wp-content\/uploads\/2014\/10\/DSC_0929.jpg\"><img loading=\"lazy\" decoding=\"async\" class=\"alignnone size-full wp-image-1256\" src=\"http:\/\/www.hospitaltocopilla.cl\/wp-content\/uploads\/2014\/10\/DSC_0929.jpg\" alt=\"DSC_0929\" width=\"4608\" height=\"3072\" \/><\/a> <a href=\"http:\/\/www.hospitaltocopilla.cl\/wp-content\/uploads\/2014\/10\/DSC_0959.jpg\"><img loading=\"lazy\" decoding=\"async\" class=\"alignnone size-full wp-image-1260\" src=\"http:\/\/www.hospitaltocopilla.cl\/wp-content\/uploads\/2014\/10\/DSC_0959.jpg\" alt=\"DSC_0959\" width=\"4608\" height=\"3072\" \/><\/a> <a href=\"http:\/\/www.hospitaltocopilla.cl\/wp-content\/uploads\/2014\/10\/DSC_09321.jpg\"><img loading=\"lazy\" decoding=\"async\" class=\"alignnone size-full wp-image-1261\" src=\"http:\/\/www.hospitaltocopilla.cl\/wp-content\/uploads\/2014\/10\/DSC_09321.jpg\" alt=\"DSC_0932\" width=\"3072\" height=\"4608\" \/><\/a> <a href=\"http:\/\/www.hospitaltocopilla.cl\/wp-content\/uploads\/2014\/10\/DSC_0933.jpg\"><img loading=\"lazy\" decoding=\"async\" class=\"alignnone size-full wp-image-1262\" src=\"http:\/\/www.hospitaltocopilla.cl\/wp-content\/uploads\/2014\/10\/DSC_0933.jpg\" alt=\"DSC_0933\" width=\"4608\" height=\"3072\" \/><\/a> <a href=\"http:\/\/www.hospitaltocopilla.cl\/wp-content\/uploads\/2014\/10\/DSC_0936.jpg\"><img loading=\"lazy\" decoding=\"async\" class=\"alignnone size-full wp-image-1263\" src=\"http:\/\/www.hospitaltocopilla.cl\/wp-content\/uploads\/2014\/10\/DSC_0936.jpg\" alt=\"DSC_0936\" width=\"4608\" height=\"3072\" \/><\/a> <a href=\"http:\/\/www.hospitaltocopilla.cl\/wp-content\/uploads\/2014\/10\/DSC_0937.jpg\"><img loading=\"lazy\" decoding=\"async\" class=\"alignnone size-full wp-image-1264\" src=\"http:\/\/www.hospitaltocopilla.cl\/wp-content\/uploads\/2014\/10\/DSC_0937.jpg\" alt=\"DSC_0937\" width=\"3072\" height=\"4608\" \/><\/a> <a href=\"http:\/\/www.hospitaltocopilla.cl\/wp-content\/uploads\/2014\/10\/DSC_0938.jpg\"><img loading=\"lazy\" decoding=\"async\" class=\"alignnone size-full wp-image-1265\" src=\"http:\/\/www.hospitaltocopilla.cl\/wp-content\/uploads\/2014\/10\/DSC_0938.jpg\" alt=\"DSC_0938\" width=\"4608\" height=\"3072\" \/><\/a> <a href=\"http:\/\/www.hospitaltocopilla.cl\/wp-content\/uploads\/2014\/10\/DSC_0939.jpg\"><img loading=\"lazy\" decoding=\"async\" class=\"alignnone size-full wp-image-1266\" src=\"http:\/\/www.hospitaltocopilla.cl\/wp-content\/uploads\/2014\/10\/DSC_0939.jpg\" alt=\"DSC_0939\" width=\"3072\" height=\"4608\" \/><\/a> <a href=\"http:\/\/www.hospitaltocopilla.cl\/wp-content\/uploads\/2014\/10\/DSC_0940.jpg\"><img loading=\"lazy\" decoding=\"async\" class=\"alignnone size-full wp-image-1267\" src=\"http:\/\/www.hospitaltocopilla.cl\/wp-content\/uploads\/2014\/10\/DSC_0940.jpg\" alt=\"DSC_0940\" width=\"4608\" height=\"3072\" \/><\/a> <a href=\"http:\/\/www.hospitaltocopilla.cl\/wp-content\/uploads\/2014\/10\/DSC_0941.jpg\"><img loading=\"lazy\" decoding=\"async\" class=\"alignnone size-full wp-image-1268\" src=\"http:\/\/www.hospitaltocopilla.cl\/wp-content\/uploads\/2014\/10\/DSC_0941.jpg\" alt=\"DSC_0941\" width=\"3072\" height=\"4608\" \/><\/a> <a href=\"http:\/\/www.hospitaltocopilla.cl\/wp-content\/uploads\/2014\/10\/DSC_0942.jpg\"><img loading=\"lazy\" decoding=\"async\" class=\"alignnone size-full wp-image-1269\" src=\"http:\/\/www.hospitaltocopilla.cl\/wp-content\/uploads\/2014\/10\/DSC_0942.jpg\" alt=\"DSC_0942\" width=\"4608\" height=\"3072\" \/><\/a> <a href=\"http:\/\/www.hospitaltocopilla.cl\/wp-content\/uploads\/2014\/10\/DSC_0944.jpg\"><img loading=\"lazy\" decoding=\"async\" class=\"alignnone size-full wp-image-1270\" src=\"http:\/\/www.hospitaltocopilla.cl\/wp-content\/uploads\/2014\/10\/DSC_0944.jpg\" alt=\"DSC_0944\" width=\"4608\" height=\"3072\" \/><\/a> <a href=\"http:\/\/www.hospitaltocopilla.cl\/wp-content\/uploads\/2014\/10\/DSC_0946.jpg\"><img loading=\"lazy\" decoding=\"async\" class=\"alignnone size-full wp-image-1271\" src=\"http:\/\/www.hospitaltocopilla.cl\/wp-content\/uploads\/2014\/10\/DSC_0946.jpg\" alt=\"DSC_0946\" width=\"4608\" height=\"3072\" \/><\/a> <a href=\"http:\/\/www.hospitaltocopilla.cl\/wp-content\/uploads\/2014\/10\/DSC_0948.jpg\"><img loading=\"lazy\" decoding=\"async\" class=\"alignnone size-full wp-image-1272\" src=\"http:\/\/www.hospitaltocopilla.cl\/wp-content\/uploads\/2014\/10\/DSC_0948.jpg\" alt=\"DSC_0948\" width=\"4608\" height=\"3072\" \/><\/a> <a href=\"http:\/\/www.hospitaltocopilla.cl\/wp-content\/uploads\/2014\/10\/DSC_0950.jpg\"><img loading=\"lazy\" decoding=\"async\" class=\"alignnone size-full wp-image-1273\" src=\"http:\/\/www.hospitaltocopilla.cl\/wp-content\/uploads\/2014\/10\/DSC_0950.jpg\" alt=\"DSC_0950\" width=\"4608\" height=\"3072\" \/><\/a> <a href=\"http:\/\/www.hospitaltocopilla.cl\/wp-content\/uploads\/2014\/10\/DSC_0952.jpg\"><img loading=\"lazy\" decoding=\"async\" class=\"alignnone size-full wp-image-1274\" src=\"http:\/\/www.hospitaltocopilla.cl\/wp-content\/uploads\/2014\/10\/DSC_0952.jpg\" alt=\"DSC_0952\" width=\"4608\" height=\"3072\" \/><\/a> <a href=\"http:\/\/www.hospitaltocopilla.cl\/wp-content\/uploads\/2014\/10\/DSC_0954.jpg\"><img loading=\"lazy\" decoding=\"async\" class=\"alignnone size-full wp-image-1275\" src=\"http:\/\/www.hospitaltocopilla.cl\/wp-content\/uploads\/2014\/10\/DSC_0954.jpg\" alt=\"DSC_0954\" width=\"4608\" height=\"3072\" \/><\/a> <a href=\"http:\/\/www.hospitaltocopilla.cl\/wp-content\/uploads\/2014\/10\/DSC_0956.jpg\"><img loading=\"lazy\" decoding=\"async\" class=\"alignnone size-full wp-image-1276\" src=\"http:\/\/www.hospitaltocopilla.cl\/wp-content\/uploads\/2014\/10\/DSC_0956.jpg\" alt=\"DSC_0956\" width=\"4608\" height=\"3072\" \/><\/a> <a href=\"http:\/\/www.hospitaltocopilla.cl\/wp-content\/uploads\/2014\/10\/DSC_0957.jpg\"><img loading=\"lazy\" decoding=\"async\" class=\"alignnone size-full wp-image-1277\" src=\"http:\/\/www.hospitaltocopilla.cl\/wp-content\/uploads\/2014\/10\/DSC_0957.jpg\" alt=\"DSC_0957\" width=\"3072\" height=\"4608\" \/><\/a><\/p>\n<p><a href=\"http:\/\/www.hospitaltocopilla.cl\/wp-content\/uploads\/2014\/10\/DSC_0994.jpg\"><img loading=\"lazy\" decoding=\"async\" class=\"alignnone size-full wp-image-1278\" src=\"http:\/\/www.hospitaltocopilla.cl\/wp-content\/uploads\/2014\/10\/DSC_0994.jpg\" alt=\"DSC_0994\" width=\"4608\" height=\"3072\" \/><\/a> <a href=\"http:\/\/www.hospitaltocopilla.cl\/wp-content\/uploads\/2014\/10\/DSC_0961.jpg\"><img loading=\"lazy\" decoding=\"async\" class=\"alignnone size-full wp-image-1279\" src=\"http:\/\/www.hospitaltocopilla.cl\/wp-content\/uploads\/2014\/10\/DSC_0961.jpg\" alt=\"DSC_0961\" width=\"4608\" height=\"3072\" \/><\/a> <a href=\"http:\/\/www.hospitaltocopilla.cl\/wp-content\/uploads\/2014\/10\/DSC_0964.jpg\"><img loading=\"lazy\" decoding=\"async\" class=\"alignnone size-full wp-image-1280\" src=\"http:\/\/www.hospitaltocopilla.cl\/wp-content\/uploads\/2014\/10\/DSC_0964.jpg\" alt=\"DSC_0964\" width=\"4608\" height=\"3072\" \/><\/a> <a href=\"http:\/\/www.hospitaltocopilla.cl\/wp-content\/uploads\/2014\/10\/DSC_0966.jpg\"><img loading=\"lazy\" decoding=\"async\" class=\"alignnone size-full wp-image-1281\" src=\"http:\/\/www.hospitaltocopilla.cl\/wp-content\/uploads\/2014\/10\/DSC_0966.jpg\" alt=\"DSC_0966\" width=\"4608\" height=\"3072\" \/><\/a> <a href=\"http:\/\/www.hospitaltocopilla.cl\/wp-content\/uploads\/2014\/10\/DSC_0968.jpg\"><img loading=\"lazy\" decoding=\"async\" class=\"alignnone size-full wp-image-1282\" src=\"http:\/\/www.hospitaltocopilla.cl\/wp-content\/uploads\/2014\/10\/DSC_0968.jpg\" alt=\"DSC_0968\" width=\"4608\" height=\"3072\" \/><\/a> <a href=\"http:\/\/www.hospitaltocopilla.cl\/wp-content\/uploads\/2014\/10\/DSC_0970.jpg\"><img loading=\"lazy\" decoding=\"async\" class=\"alignnone size-full wp-image-1283\" src=\"http:\/\/www.hospitaltocopilla.cl\/wp-content\/uploads\/2014\/10\/DSC_0970.jpg\" alt=\"DSC_0970\" width=\"4608\" height=\"3072\" \/><\/a> <a href=\"http:\/\/www.hospitaltocopilla.cl\/wp-content\/uploads\/2014\/10\/DSC_0972.jpg\"><img loading=\"lazy\" decoding=\"async\" class=\"alignnone size-full wp-image-1284\" src=\"http:\/\/www.hospitaltocopilla.cl\/wp-content\/uploads\/2014\/10\/DSC_0972.jpg\" alt=\"DSC_0972\" width=\"4608\" height=\"3072\" \/><\/a> <a href=\"http:\/\/www.hospitaltocopilla.cl\/wp-content\/uploads\/2014\/10\/DSC_0975.jpg\"><img loading=\"lazy\" decoding=\"async\" class=\"alignnone size-full wp-image-1285\" src=\"http:\/\/www.hospitaltocopilla.cl\/wp-content\/uploads\/2014\/10\/DSC_0975.jpg\" alt=\"DSC_0975\" width=\"4608\" height=\"3072\" \/><\/a> <a href=\"http:\/\/www.hospitaltocopilla.cl\/wp-content\/uploads\/2014\/10\/DSC_0977.jpg\"><img loading=\"lazy\" decoding=\"async\" class=\"alignnone size-full wp-image-1286\" src=\"http:\/\/www.hospitaltocopilla.cl\/wp-content\/uploads\/2014\/10\/DSC_0977.jpg\" alt=\"DSC_0977\" width=\"4608\" height=\"3072\" \/><\/a> <a href=\"http:\/\/www.hospitaltocopilla.cl\/wp-content\/uploads\/2014\/10\/DSC_0981.jpg\"><img loading=\"lazy\" decoding=\"async\" class=\"alignnone size-full wp-image-1287\" src=\"http:\/\/www.hospitaltocopilla.cl\/wp-content\/uploads\/2014\/10\/DSC_0981.jpg\" alt=\"DSC_0981\" width=\"4608\" height=\"3072\" \/><\/a> <a href=\"http:\/\/www.hospitaltocopilla.cl\/wp-content\/uploads\/2014\/10\/DSC_0983.jpg\"><img loading=\"lazy\" decoding=\"async\" class=\"alignnone size-full wp-image-1288\" src=\"http:\/\/www.hospitaltocopilla.cl\/wp-content\/uploads\/2014\/10\/DSC_0983.jpg\" alt=\"DSC_0983\" width=\"4608\" height=\"3072\" \/><\/a> <a href=\"http:\/\/www.hospitaltocopilla.cl\/wp-content\/uploads\/2014\/10\/DSC_0985.jpg\"><img loading=\"lazy\" decoding=\"async\" class=\"alignnone size-full wp-image-1289\" src=\"http:\/\/www.hospitaltocopilla.cl\/wp-content\/uploads\/2014\/10\/DSC_0985.jpg\" alt=\"DSC_0985\" width=\"4608\" height=\"3072\" \/><\/a> <a href=\"http:\/\/www.hospitaltocopilla.cl\/wp-content\/uploads\/2014\/10\/DSC_0986.jpg\"><img loading=\"lazy\" decoding=\"async\" class=\"alignnone size-full wp-image-1290\" src=\"http:\/\/www.hospitaltocopilla.cl\/wp-content\/uploads\/2014\/10\/DSC_0986.jpg\" alt=\"DSC_0986\" width=\"4608\" height=\"3072\" \/><\/a> <a href=\"http:\/\/www.hospitaltocopilla.cl\/wp-content\/uploads\/2014\/10\/DSC_0988.jpg\"><img loading=\"lazy\" decoding=\"async\" class=\"alignnone size-full wp-image-1291\" src=\"http:\/\/www.hospitaltocopilla.cl\/wp-content\/uploads\/2014\/10\/DSC_0988.jpg\" alt=\"DSC_0988\" width=\"4608\" height=\"3072\" \/><\/a> <a href=\"http:\/\/www.hospitaltocopilla.cl\/wp-content\/uploads\/2014\/10\/DSC_0990.jpg\"><img loading=\"lazy\" decoding=\"async\" class=\"alignnone size-full wp-image-1292\" src=\"http:\/\/www.hospitaltocopilla.cl\/wp-content\/uploads\/2014\/10\/DSC_0990.jpg\" alt=\"DSC_0990\" width=\"4608\" height=\"3072\" \/><\/a> <a href=\"http:\/\/www.hospitaltocopilla.cl\/wp-content\/uploads\/2014\/10\/DSC_0993.jpg\"><img loading=\"lazy\" decoding=\"async\" class=\"alignnone size-full wp-image-1293\" src=\"http:\/\/www.hospitaltocopilla.cl\/wp-content\/uploads\/2014\/10\/DSC_0993.jpg\" alt=\"DSC_0993\" width=\"4608\" height=\"3072\" \/><\/a><\/p>\n","protected":false},"excerpt":{"rendered":"<p>La Cena bailable del Hospital Marcos Macuada, es una actividad organizada por\u00a0funcionarios para los funcionarios, en la cual participan tradicionalmente los m\u00e9dicos del establecimiento, aportando los recursos necesarios para la cancelaci\u00f3n de un Dj. Este a\u00f1o, pudimos contar adem\u00e1s, con el arriendo de una cabina de fotos, en donde los funcionarios de manera l\u00fadica capturaron [&hellip;]<\/p>\n","protected":false},"author":8,"featured_media":0,"parent":1051,"menu_order":0,"comment_status":"closed","ping_status":"closed","template":"sidebar-page.php","meta":{"footnotes":""},"class_list":["post-1257","page","type-page","status-publish","hentry"],"_links":{"self":[{"href":"https:\/\/www.hospitaltocopilla.cl\/index.php?rest_route=\/wp\/v2\/pages\/1257","targetHints":{"allow":["GET"]}}],"collection":[{"href":"https:\/\/www.hospitaltocopilla.cl\/index.php?rest_route=\/wp\/v2\/pages"}],"about":[{"href":"https:\/\/www.hospitaltocopilla.cl\/index.php?rest_route=\/wp\/v2\/types\/page"}],"author":[{"embeddable":true,"href":"https:\/\/www.hospitaltocopilla.cl\/index.php?rest_route=\/wp\/v2\/users\/8"}],"replies":[{"embeddable":true,"href":"https:\/\/www.hospitaltocopilla.cl\/index.php?rest_route=%2Fwp%2Fv2%2Fcomments&post=1257"}],"version-history":[{"count":2,"href":"https:\/\/www.hospitaltocopilla.cl\/index.php?rest_route=\/wp\/v2\/pages\/1257\/revisions"}],"predecessor-version":[{"id":1296,"href":"https:\/\/www.hospitaltocopilla.cl\/index.php?rest_route=\/wp\/v2\/pages\/1257\/revisions\/1296"}],"up":[{"embeddable":true,"href":"https:\/\/www.hospitaltocopilla.cl\/index.php?rest_route=\/wp\/v2\/pages\/1051"}],"wp:attachment":[{"href":"https:\/\/www.hospitaltocopilla.cl\/index.php?rest_route=%2Fwp%2Fv2%2Fmedia&parent=1257"}],"curies":[{"name":"wp","href":"https:\/\/api.w.org\/{rel}","templated":true}]}}